.
5
Suppose 2*s - 10 = -2. Suppose -23 = -2*y + 4*h + 3, -s*y = -h - 24. List the prime factors of y.
5
Suppose -145 = -g + 4*b - 0, -b - 283 = -2*g. List the prime factors of g.
3, 47
Suppose 26 = -4*j - 5*o - 15, -j + 4*o + 16 = 0. What are the prime factors of (36/14)/(j/(-28))?
2, 3
Suppose -5*h + 2*x + 3*x + 110 = 0, 2*h + 5*x = 16. Suppose r - 2*s = 6*r - 56, r - 3*s = h. List the prime factors of r.
2, 3
Suppose -2*w + 5*v + 135 = 0, -4*w - 290 = -9*w + 3*v. List the prime factors of w.
5, 11
Suppose f - 4*f + 42 = 0. List the prime factors of (-4)/f + (-214)/(-14).
3, 5
Suppose d - 23 + 0 = 3*a, -5*a - 27 = -d. List the prime factors of d.
17
List the prime factors of 98 + ((-54)/66 - 4/22).
97
Suppose 0 = -22*k + 17*k + 1100. What are the prime factors of k?
2, 5, 11
What are the prime factors of 184/7 + 4/(-14)?
2, 13
Let b(u) be the first derivative of -u**4/4 + 5*u**3/3 - u**2/2 - u - 4. What are the prime factors of b(4)?
11
Let d(t) be the second derivative of -t**4/3 + t**3/6 + 3*t**2/2 - 2*t. Let g(a) be the first derivative of d(a). What are the prime factors of g(-1)?
3
Let j(m) = -m**3 - 12*m**2 + 32*m + 10. List the prime factors of j(-15).
5, 41
Let n(y) = y**3 - 2*y**2. Let a(u) = 2*u - 7. Let r be a(5). What are the prime factors of n(r)?
3
Let x(v) = v + 7. Let o = 2 - -1. Let s be o/2 - (-7)/2. What are the prime factors of x(s)?
2, 3
Let i be (-16)/(-6)*(-189)/(-14). Suppose -2*h + 0*h = -i. List the prime factors of 2/2 - h/(-2).
2, 5
Suppose 4*t - t + 655 = 5*j, -2*j - 2*t + 278 = 0. What are the prime factors of j?
2, 67
Suppose -2*i - 10 = 0, 5 = -5*b - 5*i + i. Suppose 4*k + m - 24 = 0, -b*k - 4*m - 9 = -2*k. What are the prime factors of k?
7
Let m = -168 + 280. What are the prime factors of m?
2, 7
Let z(l) = -l + 9. Suppose 6*i - 28 = 2*i. List the prime factors of z(i).
2
Suppose -375 = -5*g + 5*n, -g + 5*n = 2*n - 69. What are the prime factors of g?
2, 3, 13
List the prime factors of 9 + (0 - -3) + 4.
2
Suppose 5*u - 1 = d, u + 0*u - d - 1 = 0. Let v be 0 + u/1*-1. Let q = v + 2. List the prime factors of q.
2
Let g be 0/(2/2 + -2). Suppose -5*i = -g*i - 125. List the prime factors of i.
5
Suppose -4*c + 8 = 4*x, 0*c = 4*x - c - 18. Let p be x/10 - (-287)/(-5). What are the prime factors of p/(-6) + 1/(-2)?
3
Suppose 194 = -2*x + 4*x. What are the prime factors of x?
97
Suppose 0 = 5*r - 26 + 6. List the prime factors of r.
2
Let n(a) = a**3 - 2*a**2 + 3*a - 3. Let u be n(2). Suppose z - 9 = u*o + 15, -5*z = 2*o - 86. Suppose -2*y - z = -4*y. List the prime factors of y.
3
Let f = 59 - 3. List the prime factors of f/6 + (-10)/(-15).
2, 5
Let y = 1 - 0. Let w be (1 - 0)/(y/2). Suppose -2 - 12 = -4*k + w*v, 3 = -v. List the prime factors of k.
2
Let d(a) = a - 2. Let y be d(6). Suppose y*w + 52 = 6*w. What are the prime factors of w?
2, 13
Let q(y) = 3*y**2 - 3*y + 1. Let o be q(3). Suppose 0 = h - 4*d - 7 - o, -2*h - 3*d = 3. List the prime factors of h.
2, 3
Let m = 36 + 5. List the prime factors of m.
41
Let j(g) = 2*g + 22. List the prime factors of j(0).
2, 11
Suppose 4*l + 1 = -23. Let u(j) = j**2 - 7*j + 3. Let t be u(6). Let a = t - l. List the prime factors of a.
3
Let w(d) = 23*d + 18. What are the prime factors of w(7)?
179
Let m(b) = -b - 1. Let j be m(4). Let v be -2 - j - (-12)/1. Let a = 29 - v. List the prime factors of a.
2, 7
Let h = -7 - -8. What are the prime factors of (-6)/(2/(-2) - h)?
3
Let r = 71 + -32. What are the prime factors of r?
3, 13
What are the prime factors of -1*(-200 + 1)*1?
199
Let u(t) = -t**3 + 7*t**2 - 9*t + 4. Let g be u(6). Let b be 62/6 + g/(-21). Let o = b - 1. What are the prime factors of o?
2, 5
Let i be 44/10 + 4/(-10). Suppose -y = y - i. Suppose 5*v - 32 = 3*n, -1 = 4*v - y*n - 25. List the prime factors of v.
2
List the prime factors of (14 - -3 - -1) + 3.
3, 7
Let l(u) = u**3 - u + 70. List the prime factors of l(0).
2, 5, 7
Let p(a) = a**2 - 4*a + 4. Let z(n) = 3*n**2 - 10*n + 17. Let s(r) = r**2 - 3*r + 6. Let b(x) = 8*s(x) - 3*z(x). Let t be b(2). List the prime factors of p(t).
3
Suppose 0*o + 2*o + q = 190, 4*o - 382 = -3*q. What are the prime factors of o?
2, 47
Let l = 1 - -5. Suppose -l*j + j + 135 = 0. What are the prime factors of j?
3
Suppose 7*k - 262 = 11. List the prime factors of k.
3, 13
Let b be ((-10)/(-6))/((-1)/(-6)). Let q = -3 + b. What are the prime factors of q?
7
Suppose 4 + 2 = 3*t. What are the prime factors of (30/t)/(9/6)?
2, 5
Let f(b) = b**2 + b. Let d(o) = -8*o**2 - 5*o - 1. Let l(n) = -d(n) - 5*f(n). Let y be l(-2). Suppose 0 = 5*u - 88 + y. List the prime factors of u.
3, 5
Let k = -144 + 79. Let b = k + 44. What are the prime factors of (-54)/(-8) + b/28?
2, 3
Let w(v) = 3*v**2 - v - 1. Suppose -7*r - 8 = -3*r. List the prime factors of w(r).
13
Let r be ((-2)/4)/((-7)/(-168)). Let o be (2 - 0)/(2/r). Let z = o + 32. List the prime factors of z.
2, 5
Let y = -141 - -216. What are the prime factors of y?
3, 5
Let l be 24/6*(-3)/(-4). Suppose 5*y + l = 2*y. List the prime factors of (10/(-2))/(1/y).
5
Let a be 4/5 - (-1)/5. Suppose -l = -a - 12. List the prime factors of l.
13
Suppose 5*g - 14 - 16 = 0. List the prime factors of g.
2, 3
Let s(o) = o - 6*o - 5 + 3*o. List the prime factors of s(-6).
7
Suppose 2*k - 5 = z, 4*k = -z - 7 + 14. Suppose k*f - 2 = -10. What are the prime factors of (2/(-5))/(f/20)?
2
Suppose -5*j = -3*a, -4*a = -a - 4*j. Let h be a/((1 + -2)/1). Suppose h = -5*r + 4*l + 56, 2*l + 20 = 2*r - 2*l. What are the prime factors of r?
2, 3
Let b(w) = 8*w + 7 - w**2 - 4*w - 4 + 7*w. Let o be b(11). Suppose o + 5 = 2*s. List the prime factors of s.
2
Suppose 2*h = -0 + 4. Suppose h*t = -k + 116, 4*k = 5*t - 0*k - 303. What are the prime factors of t?
59
Let z = 0 + 4. What are the prime factors of z?
2
Suppose 0 = 2*g + m - 0*m - 11, -m + 6 = g. Suppose -25 = -y + g*l, 0*l = -y - 2*l - 3. What are the prime factors of y?
5
Suppose -2*n + 22 = 2*j, 3 = 4*j - 2*n - 59. Let l = j - 7. List the prime factors of l.
7
Let z = 32 - -14. Suppose 3*s = -3*t + 36, s = -4*s + 2*t + z. What are the prime factors of s?
2, 5
Suppose a - 8 = -4*f, f = -4*f + a + 19. Let t be (1 + -4)/((-3)/f). Let v = t + 5. What are the prime factors of v?
2
Let y be -20 + (-3 - (-3 + 2)). Let l = 38 + y. What are the prime factors of l?
2
Suppose -10 = -2*q - 2. Suppose q*y - 8*y + 56 = 0. List the prime factors of y.
2, 7
Let p(t) = -19*t + 29. List the prime factors of p(-17).
2, 11
Let f(y) = -y + 7. Let q be f(7). Suppose g = -2*b - 3*b - 15, q = 4*g - 2*b - 28. Suppose -x + g*x = 12. What are the prime factors of x?
3
Let q(u) = 2*u**2 + u - 2. Suppose -2*t = -7*t - 15. What are the prime factors of q(t)?
13
Suppose -2 = -s, -s + 238 = 5*n + 3*s. List the prime factors of n/(-3)*12/(-8).
23
Suppose -5*y + v - 3*v = -10, 4*y = -2*v + 8. Suppose -3*o + 12 = -0. Suppose 0 = -3*s - 15, -o*s + y = 3*z + 1. What are the prime factors of z?
7
Suppose -882 = -4*m + 2*f, -3*m - 3*f + 7*f + 664 = 0. List the prime factors of m.
2, 5, 11
Suppose t - 144 = -3*y + 5*t, -4*y = 3*t - 192. List the prime factors of y.
2, 3
Let z = 4 + -4. Suppose z = l - 5*g - 25, 0 = l + l + g - 6. Suppose 4*j = i + 29, j - i + 35 = l*j. List the prime factors of j.
2
Let i(k) = k**3 + 5 + 4*k**3 - 4*k**3. Suppose -7*n + z = -8*n + 3, -4*n = 5*z - 15. List the prime factors of i(n).
5
What are the prime factors of -2 + 1*(2 + -291)/(-1)?
7, 41
Let r be (28/(-10))/(4/(-10)). Suppose 35 = r*p - 2*p. List the prime factors of p.
7
Suppose 3*q - 7 = 35. Suppose -3*x = -4*g - 5, -2*x - 10 = 4*g - 0*x. Let w = g + q. What are the prime factors of w?
2, 3
Suppose 0 = p + p + 42. What are the prime factors of p/(-2) + (-1)/(-2)?
11
Let c(k) = -k + 1. Let d be c(-6). Let i(q) = q**3 - 7*q**2 + q + 7. List the prime factors of i(d).
2, 7
Let w(m) be the second derivative of -4*m**3/3 - m**2/2 + 2*m. Let j be (-1)/(-2)*(22 - 26). What are the prime factors of w(j)?
3, 5
Let z = -1 + 10. What are the prime factors of 11 - (-2)/(6/z)?
2, 7
Let u(y) be the first derivative of -11*y**2/2 + 2*y + 2. List the prime factors of u(-2).
2, 3
Suppose -2*x = -16 + 6. Suppose 2*p - x*m = 54, p + 2*m + 177 = 6*p. List the prime factors of p.
37
Let z(w) = -11*w - 4. List the prime 